a - 1 - a**3 + 9*a - 21*a**2. Calculate n(8).
7
Let n = -19640 - -19639. Let h(f) = 73*f**3 - 3*f**2 - f + 1. Determine h(n).
-74
Let t(k) be the third derivative of 1/3*k**3 + 0*k + 43*k**2 - 2 - 17/24*k**4 + 1/30*k**5. What is t(8)?
-6
Suppose -28*c + 91 = -133. Let u(w) be the third derivative of w**6/120 - 2*w**5/15 - 2*w**3/3 + 17*w**2. Give u(c).
-4
Let i(h) = h**3 - h**2 + 2*h - 3. Let y be i(2). Let t = -22025 - -22041. Suppose y*a = t + 39. Let u(j) = j**3 - 10*j**2 - 10*j - 12. Calculate u(a).
-1
Let b(g) = 2*g**3 - 21*g**2 + 40*g - 5. Let j be b(8). Let s(h) = 5*h**2 - h**3 - 5 + 14 - 11*h**2 - 4*h. What is s(j)?
4
Let k(g) = 7*g - 56. Let w(c) = 30*c - 225. Let f(j) = -9*k(j) + 2*w(j). Let d be f(10). Let i(o) = -53 + 30 - o + d. Calculate i(-7).
8
Let d be 49/28 + 7*(-4)/(-112). Let v(n) = -3*n**2 - 20*n + 46. Give v(d).
-6
Let x(g) = -6*g - 1. Let q(o) be the second derivative of o**3/6 - 20*o. Let m(k) = -q(k) - x(k). Calculate m(-5).
-24
Let j = 97 + -182. Let c = -87 - j. Let o(d) = -3 - 5 + 5 + 4 + 3*d. Calculate o(c).
-5
Suppose -16*b - 217 = -201. Let k(d) = -18*d - 15. Determine k(b).
3
Let j(b) = -8*b**2 + 2*b - 1. Let i(y) = -6*y - 5. Suppose 10*g - 28 + 38 = 0. Let t be i(g). Give j(t).
-7
Let i(y) be the third derivative of y**4/8 - 23*y**3/3 - 319*y**2. Let d(v) = 3*v - 7. Let g be d(8). Let s be i(g). Let b(q) = 2*q + 3. Calculate b(s).
13
Let x(h) be the third derivative of -1/24*h**4 + 0*h - 79*h**2 - 1/60*h**5 + 5/6*h**3 + 0. Determine x(4).
-15
Let t = 20 + -18. Let y(q) = -2*q - q + 6 + 6*q + 4*q - q**t. Suppose -3*c - 18 + 42 = 0. What is y(c)?
-2
Let x(l) be the second derivative of l**5/10 + l**4/12 - l**3/2 + l**2/2 + 132*l. Let h(j) = -2*j - 28. Let r be h(-15). What is x(r)?
15
Let c = -669 + 738. Suppose 0 = 3*h - 120 - 72. Let i = c - h. Let f(x) = -x**3 + 4*x**2 + 7*x - 5. What is f(i)?
5
Let g(f) = f**2 + 2*f - 10. Let s be (556/834)/((-1)/9). Give g(s).
14
Let g = 190 - 186. Suppose -g*u + 13 = -l, -9*u - 2*l = -4*u - 13. Let n(f) = -f**3 + 2*f**2 + 2*f + 1. Give n(u).
-2
Let q be (-1302)/(-63) - 2/3. Let t be (q/(-6))/(55/(-165)). Let b(g) = g**2 - 11*g + 9. What is b(t)?
-1
Let g(p) = -p**3 - 12*p - 45 + 11*p - 14*p**2 + 15. Determine g(-14).
-16
Suppose -31*v + 33*v - 10 = 0. Let s(x) = -2 + 8*x - x**3 + 9*x**2 + 0 - x**2 + v. Determine s(9).
-6
Let x be 4*8/((-160)/35). Let y(a) be the third derivative of a**4/8 - 3*a**3/2 + 35*a**2. Give y(x).
-30
Let o(z) be the first derivative of -z**2/2 - 2*z - 639. Calculate o(11).
-13
Let d(x) = -1738*x**2 + 844*x**2 - 15 + 881*x**2 - 131*x. What is d(-10)?
-5
Let b(a) = -a**3 + 3*a**2 + 9*a + 6. Let x be (2/(-3))/(-8 - (-2950)/375). Calculate b(x).
1
Let i(o) = 12*o + 100. Let b be (1690/(-104) + 16)/(3/96). Determine i(b).
4
Let n(x) be the second derivative of -x**3/6 + x**2 + 21568*x. Suppose -27 + 0 = 3*k. Calculate n(k).
11
Suppose 210 = 9*z - 2*z. Let r be 1/((-4)/(-10)*(-15)/z). Let n(s) = -s**3 - 6*s**2 - 6*s - 6. Calculate n(r).
-1
Let o(d) = 149*d**2 + 43*d + 17. Let b(n) = -211*n**2 - 60*n - 24. Let i(s) = 12*b(s) + 17*o(s). Let v = -24 + 14. Determine i(v).
-9
Suppose -46*o - 463 = -47*o. Let n = -466 + o. Let q(u) be the second derivative of -u**3/2 + 2*u**2 + 3*u. Calculate q(n).
13
Let p(u) = 12*u + 215. Let m(v) = 4*v + 69. Let a(g) = 11*m(g) - 4*p(g). Give a(-25).
-1
Let m(a) = 8*a - 27. Let s = -3908 - -3910. What is m(s)?
-11
Let k(n) = 4*n**2 + 6*n + 1. Let s = 2978 - 2982. Calculate k(s).
41
Let k be 15*3*2/(-18). Let i(r) be the second derivative of 0 + 1/3*r**3 - 23*r + 3*r**2. Calculate i(k).
-4
Suppose 4*b - v = 28, -b - 2*v + 12 = -4. Let c(i) be the third derivative of i**4/12 - 5*i**3/3 - 5*i**2. Calculate c(b).
6
Let a(l) = 4 + 275*l + 280*l - 554*l. Let p be 4*22/8*-1. Let i = p + 5. Determine a(i).
-2
Let k(f) = -f**3 + 7*f**2 - 2*f - 12. Suppose 210 = -23*b + 58*b. What is k(b)?
12
Let v(u) be the first derivative of -7*u**3/3 + 3*u**2/2 + 3*u + 2331. Calculate v(-2).
-31
Let c(o) = 7*o**2 - o. Let v be (-14)/(-11)*275/50 - 6. Calculate c(v).
6
Let f(n) = -81*n - 39. Let l(p) = -94*p - 38. Let j(q) = 7*f(q) - 6*l(q). Give j(-9).
-18
Suppose 4*o - o = 21. Suppose -3*n + o*n = 8. Let a(h) be the first derivative of -h**3 - h - 50828. Determine a(n).
-13
Let b be (1 + -5)*16/(-32). Suppose -4*m + 7*x + 35 = 12*x, -b*m - x = -13. Let o(c) = -c**2 + 7*c. What is o(m)?
10
Suppose 0 = -h - 2*h. Let j(o) = 2*o**2 - 21000*o + 9 - 20373*o - 2*o**3 + 41372*o + o**3. Give j(h).
9
Let r(f) = -f**2 + 18*f - 20. Let n(p) = -43*p - 760. Let y be n(-18). Determine r(y).
36
Let w(p) be the first derivative of 31*p**3/3 - 4*p**2 - 6*p - 3805. What is w(-1)?
33
Suppose 43*s - 59 = 32*s - 433. Let f(h) = -h**3 - 36*h**2 - 67*h + 67. Determine f(s).
33
Let b(d) be the first derivative of d**3/3 - 3*d**2/2 + 22*d + 1994. Calculate b(8).
62
Let x(r) = r**2 - 13*r + 31. Let d = 5517 - 5512. Determine x(d).
-9
Let q(l) = 2*l**2 + 27*l - 45. Suppose 38*x - 9*x + 330 = 7*x. Give q(x).
0
Let l(w) = -w**2 + w**2 - 11*w - 12*w - 52*w**3 - 3 - 10*w**2 + 51*w**3. Give l(-5).
-13
Let u(z) be the first derivative of -z**7/840 - z**6/120 + 7*z**5/120 - 25*z**3/3 + 30. Let a(j) be the third derivative of u(j). Determine a(-5).
15
Let l(a) = 38*a + 323. Let h(g) = 9*g + 81. Let d(n) = -25*h(n) + 6*l(n). What is d(25)?
-12
Let h(y) = 17*y + 92. Let u be (59/(11682/(-165)))/(2/(-24)*-2). Determine h(u).
7
Let a(f) be the first derivative of 23*f**4/4 - 2*f**3/3 - 2*f**2 + 5*f + 2703. What is a(1)?
22
Let r(c) = c**2 - 6*c. Let p(m) = -5*m**2 - 403 + 0*m**2 + m**3 + 406 - 2*m. Let b be p(5). Let f(i) = -i**3 - 7*i**2 + 5. Let y be f(b). Determine r(y).
-5
Let r(d) be the second derivative of -d**3 + 1/12*d**4 + 2*d + 0 - 5*d**2. Let o(b) = -2*b**2 + 156*b - 722. Let t be o(5). Give r(t).
6
Let q(a) = 220 - 35 - a**3 + 46*a - 81*a + 40*a + 5*a**2 - 43*a**2. What is q(-38)?
-5
Let z = -30 - -31. Let o(c) be the first derivative of 2*c**2 + 2*c + 43. Calculate o(z).
6
Let r(m) = -9*m**2 - 30*m + 98. Let y(x) = 2*x**2 + 12*x - 2. Let p(k) = -r(k) - 4*y(k). Determine p(22).
-2
Let n(i) = -426*i + 270*i - 20 - i**2 + 126*i. What is n(-30)?
-20
Let c be 13 + 16*2/(-4). Let t(l) = 4*l**2 - 9*l + 13. Let i(s) = -7*s**2 + 18*s - 23. Let v(q) = c*t(q) + 3*i(q). Give v(8).
4
Let w be (-7)/(-2)*40/70. Let x(s) be the second derivative of s**4/12 - 7*s**3/6 + 5*s**2/2 - 27*s + 2. Calculate x(w).
-5
Let v(j) be the third derivative of -13*j**4/12 - 21*j**3/2 - 3*j**2 + 215*j. What is v(-4)?
41
Suppose -12*r + r = -11. Let f be (4 + -5)/r - (-41 + -2). Let w(m) = m**3 + m + f*m**2 + 42*m**2 - 3 - 88*m**2 - 3*m. What is w(5)?
12
Let z(w) = -5 + 127162*w - 127155*w + 37. What is z(-7)?
-17
Let t(x) = x**2 - 2*x - 3*x - 5 - 2*x**2. Suppose -5 = 8*v - 45. Suppose v*n + y = -35, -n + 9 = -4*y - 5. Calculate t(n).
-11
Let s(j) = -j**2 + 39*j**3 - 9*j**3 - 12*j**3 + 0*j - 17*j**3 - 3*j. Determine s(3).
9
Let f(m) = 6*m**3 + 2*m**2 + 2. Let y(j) = j**3 - 50*j**2 + 270*j - 38. Let w be y(6). Give f(w).
-38
Let f(n) be the first derivative of -2*n**2 - 8*n - 3436. Determine f(-19).
68
Let b(r) = -r**3 + 9*r**2 - 9*r + 11. Suppose 89 = -2*v + 91. Let z be (v - -2)/((-42)/(-112)). Give b(z).
3
Let u(f) = 9*f**2 + 36*f - 5. Let k = -2900 + 2896. Calculate u(k).
-5
Let w(a) = 0 + 3*a - 4 - 7 - 5. Let y(c) = -c**3 + 3*c**2 + 338*c + 45. Let f be y(20). Determine w(f).
-1
Suppose -4*z - 27*z = -868. Let a = 31 - z. Let i(v) = v**3 - 4*v + 3. Determine i(a).
18
Let z(v) be the second derivative of -1/2*v**2 + 0 + 0*v**3 - 5/12*v**4 - 2*v. Let n = -1278 + 1276. Calculate z(n).
-21
Let s(u) = 65*u + 19. Let c(n) = -165*n - 37. Let z(m) = -6*c(m) - 15*s(m). Determine z(4).
-3
Let u(h) = -h**3 + 8*h**2 + 20*h + 7. Let y(o) = o**2 - 115*o - 844. Let n be y(-7). Give u(n).
7
Let a(g) be the first derivative of 0*g + 1/24*g**4 - 1/3*g**3 + 15 + 2*g**2. Let v(j) be the second derivative of a(j). Determine v(-5).
-7
Let p(d) = -d**2 + 15*d - 10. Let x(v) = -v. Let c be -5 - (-9)/6*2 - -8. Let y(m) = c*x(m) + p(m). Give y(6).
8
Suppose -4*y - 24 = -5*w, -5*w - 2*y = -353 + 365. Let h(i) be the second derivative of w - 2*i - 11/2*i**2 + 1/6*i**3. Determine h(11).
0
Let l(g) = g**3 - 6*g**2 + 17*g - 9. L